{"id":373,"date":"2024-10-03T10:56:14","date_gmt":"2024-10-03T13:56:14","guid":{"rendered":"https:\/\/www.itacube.ita.br\/?page_id=373"},"modified":"2024-10-03T11:06:23","modified_gmt":"2024-10-03T14:06:23","slug":"plataformas","status":"publish","type":"page","link":"https:\/\/www.itacube.ita.br\/index.php\/plataformas\/","title":{"rendered":"Plataformas"},"content":{"rendered":"\t\t<div data-elementor-type=\"wp-page\" data-elementor-id=\"373\" class=\"elementor elementor-373\">\n\t\t\t\t\t\t\t\t\t<section class=\"elementor-section elementor-top-section elementor-element elementor-element-4a5c6503 elementor-section-boxed elementor-section-height-default elementor-section-height-default\" data-id=\"4a5c6503\" data-element_type=\"section\">\n\t\t\t\t\t\t<div class=\"elementor-container elementor-column-gap-default\">\n\t\t\t\t\t<div class=\"elementor-column elementor-col-100 elementor-top-column elementor-element elementor-element-726fd138\" data-id=\"726fd138\" data-element_type=\"column\">\n\t\t\t<div class=\"elementor-widget-wrap elementor-element-populated\">\n\t\t\t\t\t\t\t\t<div class=\"elementor-element elementor-element-6d1a0d2c elementor-widget elementor-widget-text-editor\" data-id=\"6d1a0d2c\" data-element_type=\"widget\" data-widget_type=\"text-editor.default\">\n\t\t\t\t<div class=\"elementor-widget-container\">\n\t\t\t<style>\/*! elementor - v3.14.0 - 26-06-2023 *\/\n.elementor-widget-text-editor.elementor-drop-cap-view-stacked .elementor-drop-cap{background-color:#69727d;color:#fff}.elementor-widget-text-editor.elementor-drop-cap-view-framed .elementor-drop-cap{color:#69727d;border:3px solid;background-color:transparent}.elementor-widget-text-editor:not(.elementor-drop-cap-view-default) .elementor-drop-cap{margin-top:8px}.elementor-widget-text-editor:not(.elementor-drop-cap-view-default) .elementor-drop-cap-letter{width:1em;height:1em}.elementor-widget-text-editor .elementor-drop-cap{float:left;text-align:center;line-height:1;font-size:50px}.elementor-widget-text-editor .elementor-drop-cap-letter{display:inline-block}<\/style>\t\t\t\t<p>\u00a0<\/p>\n<p><span style=\"color: #ffffff;\"><!-- wp:paragraph --><\/span><\/p>\n<p><span style=\"color: #ffffff;\">Esta p\u00e1gina d\u00e1 uma vis\u00e3o das plataformas desenvolvidas pela iniciativa ITACube.<\/span><\/p>\n<p><span style=\"color: #ffffff;\"><!-- \/wp:paragraph --><!-- wp:heading --><\/span><\/p>\n<h2 class=\"wp-block-heading\"><span style=\"color: #ffffff;\">CURIESAT<\/span><\/h2>\n<p><span style=\"color: #ffffff;\"><!-- \/wp:heading --><!-- wp:paragraph --><\/span><\/p>\n<p>\u00a0<\/p>\n<p><span style=\"color: #ffffff;\"><!-- \/wp:paragraph --><!-- wp:paragraph --><\/span><\/p>\n<p>\u00a0<\/p>\n<p><span style=\"color: #ffffff;\"><!-- \/wp:paragraph --><!-- wp:paragraph --><\/span><\/p>\n<p><span style=\"color: #ffffff;\">Nanossat\u00e9lite em formato CubeSat 1U cujo objetivo \u00e9 efetuar medi\u00e7\u00f5es de radia\u00e7\u00e3o ionizante em alta altitude e recebe este nome em tributo \u00e0 Marie Curie, cientista francesa que foi pioneira no estudo da radia\u00e7\u00e3o. O curie tamb\u00e9m foi a plataforma que concedeu o t\u00edtulo de vice-campe\u00e3 \u00e0 equipe ITACube na 2\u00aa OBSAT-MCTI (<a style=\"color: #ffffff;\" href=\"https:\/\/www.itacube.ita.br\/index.php\/itacube-vice-campea-da-etapa-regional-da-2a-obsat-mcti\/\">Veja nosso post<\/a>).<\/span><\/p>\n<p><span style=\"color: #ffffff;\"><!-- \/wp:paragraph --><!-- wp:embed {\"url\":\"https:\/\/www.youtube.com\/watch?v=5uXqzX9373M\",\"type\":\"video\",\"providerNameSlug\":\"youtube\",\"responsive\":true,\"className\":\"wp-embed-aspect-16-9 wp-has-aspect-ratio\"} --><\/span><\/p>\n<p><span style=\"color: #ffffff;\"><!-- \/wp:embed --><!-- wp:paragraph --><\/span><\/p>\n<p><span style=\"color: #ffffff;\">Esta plataforma foi desenvolvida como primeiro prot\u00f3tipo e sua principal fun\u00e7\u00e3o dentro da equipe foi capacitar a equipe no desenvolvimento de CubeSats. O Curie faz parte de um escopo maior que \u00e9 o desenvolvimento de uma plataforma modular para opera\u00e7\u00f5es responsivas. A id\u00e9ia \u00e9 desenvolver um m\u00f3dulo de servi\u00e7o em formato CubeSat capaz de ser adapt\u00e1vel a diversos tipos de experimentos cient\u00edficos. Nesse contexto o Curie serviu de piloto para o desenvolvimento do seu irm\u00e3o mais novo: Casimiro, que ser\u00e1 apresentado mais adiante.<\/span><\/p>\n<p><span style=\"color: #ffffff;\"><!-- \/wp:paragraph --><\/span><\/p>\t\t\t\t\t\t<\/div>\n\t\t\t\t<\/div>\n\t\t\t\t\t<\/div>\n\t\t<\/div>\n\t\t\t\t\t\t\t<\/div>\n\t\t<\/section>\n\t\t\t\t<section class=\"elementor-section elementor-top-section elementor-element elementor-element-5a9ef19 elementor-section-boxed elementor-section-height-default elementor-section-height-default\" data-id=\"5a9ef19\" data-element_type=\"section\">\n\t\t\t\t\t\t<div class=\"elementor-container elementor-column-gap-default\">\n\t\t\t\t\t<div class=\"elementor-column elementor-col-100 elementor-top-column elementor-element elementor-element-21b9043\" data-id=\"21b9043\" data-element_type=\"column\">\n\t\t\t<div class=\"elementor-widget-wrap elementor-element-populated\">\n\t\t\t\t\t\t\t\t<div class=\"elementor-element elementor-element-c5ac6da elementor-widget elementor-widget-video\" data-id=\"c5ac6da\" data-element_type=\"widget\" data-settings=\"{&quot;youtube_url&quot;:&quot;https:\\\/\\\/www.youtube.com\\\/watch?v=5uXqzX9373M&quot;,&quot;video_type&quot;:&quot;youtube&quot;,&quot;controls&quot;:&quot;yes&quot;}\" data-widget_type=\"video.default\">\n\t\t\t\t<div class=\"elementor-widget-container\">\n\t\t\t<style>\/*! elementor - v3.14.0 - 26-06-2023 *\/\n.elementor-widget-video .elementor-widget-container{overflow:hidden;transform:translateZ(0)}.elementor-widget-video .elementor-wrapper{aspect-ratio:var(--video-aspect-ratio)}.elementor-widget-video .elementor-wrapper iframe,.elementor-widget-video .elementor-wrapper video{height:100%;width:100%;display:flex;border:none;background-color:#000}@supports not (aspect-ratio:1\/1){.elementor-widget-video .elementor-wrapper{position:relative;overflow:hidden;height:0;padding-bottom:calc(100% \/ var(--video-aspect-ratio))}.elementor-widget-video .elementor-wrapper iframe,.elementor-widget-video .elementor-wrapper video{position:absolute;top:0;right:0;bottom:0;left:0}}.elementor-widget-video .elementor-open-inline .elementor-custom-embed-image-overlay{position:absolute;top:0;left:0;width:100%;height:100%;background-size:cover;background-position:50%}.elementor-widget-video .elementor-custom-embed-image-overlay{cursor:pointer;text-align:center}.elementor-widget-video .elementor-custom-embed-image-overlay:hover .elementor-custom-embed-play i{opacity:1}.elementor-widget-video .elementor-custom-embed-image-overlay img{display:block;width:100%}.elementor-widget-video .e-hosted-video .elementor-video{-o-object-fit:cover;object-fit:cover}.e-con-inner>.elementor-widget-video,.e-con>.elementor-widget-video{width:var(--container-widget-width);--flex-grow:var(--container-widget-flex-grow)}<\/style>\t\t<div class=\"elementor-wrapper elementor-open-inline\">\n\t\t\t<div class=\"elementor-video\"><\/div>\t\t<\/div>\n\t\t\t\t<\/div>\n\t\t\t\t<\/div>\n\t\t\t\t\t<\/div>\n\t\t<\/div>\n\t\t\t\t\t\t\t<\/div>\n\t\t<\/section>\n\t\t\t\t<section class=\"elementor-section elementor-top-section elementor-element elementor-element-8c09ca5 elementor-section-boxed elementor-section-height-default elementor-section-height-default\" data-id=\"8c09ca5\" data-element_type=\"section\">\n\t\t\t\t\t\t<div class=\"elementor-container elementor-column-gap-default\">\n\t\t\t\t\t<div class=\"elementor-column elementor-col-100 elementor-top-column elementor-element elementor-element-14fb761\" data-id=\"14fb761\" data-element_type=\"column\">\n\t\t\t<div class=\"elementor-widget-wrap elementor-element-populated\">\n\t\t\t\t\t\t\t\t<div class=\"elementor-element elementor-element-6d628a6 elementor-widget elementor-widget-text-editor\" data-id=\"6d628a6\" data-element_type=\"widget\" data-widget_type=\"text-editor.default\">\n\t\t\t\t<div class=\"elementor-widget-container\">\n\t\t\t\t\t\t\t<h2 class=\"wp-block-heading\"><span style=\"color: #ffffff;\">Casimiro<\/span><\/h2>\n<p>\u00a0<\/p>\n<p><span style=\"color: #ffffff;\">O Casimiro \u00e9 a segunda plataforma da ITACube, nomeado em homenagem ao Marechal-do-Ar Casemiro Montenegro Filho, idealizador do ITA e patrono da Engenharia da Aeron\u00e1utica. Al\u00e9m de buscar medir radia\u00e7\u00e3o ionizante, o Casimiro incorpora um novo objetivo: coleta e processamento de imagens. Essa nova miss\u00e3o vai ao encontro da olimp\u00edada Cubesign do INPE (instituto Nacional de Pesquisas Espaciais).<\/span><\/p>\t\t\t\t\t\t<\/div>\n\t\t\t\t<\/div>\n\t\t\t\t\t<\/div>\n\t\t<\/div>\n\t\t\t\t\t\t\t<\/div>\n\t\t<\/section>\n\t\t\t\t<section class=\"elementor-section elementor-top-section elementor-element elementor-element-bcd5993 elementor-section-boxed elementor-section-height-default elementor-section-height-default\" data-id=\"bcd5993\" data-element_type=\"section\">\n\t\t\t\t\t\t<div class=\"elementor-container elementor-column-gap-default\">\n\t\t\t\t\t<div class=\"elementor-column elementor-col-100 elementor-top-column elementor-element elementor-element-a0c6e46\" data-id=\"a0c6e46\" data-element_type=\"column\">\n\t\t\t<div class=\"elementor-widget-wrap elementor-element-populated\">\n\t\t\t\t\t\t\t\t<div class=\"elementor-element elementor-element-20e5809 elementor-widget elementor-widget-image\" data-id=\"20e5809\" data-element_type=\"widget\" data-widget_type=\"image.default\">\n\t\t\t\t<div class=\"elementor-widget-container\">\n\t\t\t<style>\/*! elementor - v3.14.0 - 26-06-2023 *\/\n.elementor-widget-image{text-align:center}.elementor-widget-image a{display:inline-block}.elementor-widget-image a img[src$=\".svg\"]{width:48px}.elementor-widget-image img{vertical-align:middle;display:inline-block}<\/style>\t\t\t\t\t\t\t\t\t\t\t\t<img decoding=\"async\" width=\"466\" height=\"469\" src=\"https:\/\/www.itacube.ita.br\/wp-content\/uploads\/2024\/10\/Captura-de-tela-2024-10-03-105011.png\" class=\"attachment-large size-large wp-image-374\" alt=\"\" loading=\"lazy\" srcset=\"https:\/\/www.itacube.ita.br\/wp-content\/uploads\/2024\/10\/Captura-de-tela-2024-10-03-105011.png 466w, https:\/\/www.itacube.ita.br\/wp-content\/uploads\/2024\/10\/Captura-de-tela-2024-10-03-105011-298x300.png 298w, https:\/\/www.itacube.ita.br\/wp-content\/uploads\/2024\/10\/Captura-de-tela-2024-10-03-105011-150x150.png 150w\" sizes=\"(max-width: 466px) 100vw, 466px\" \/>\t\t\t\t\t\t\t\t\t\t\t\t\t\t\t<\/div>\n\t\t\t\t<\/div>\n\t\t\t\t<div class=\"elementor-element elementor-element-dc0a6c4 elementor-widget elementor-widget-text-editor\" data-id=\"dc0a6c4\" data-element_type=\"widget\" data-widget_type=\"text-editor.default\">\n\t\t\t\t<div class=\"elementor-widget-container\">\n\t\t\t\t\t\t\t<p><span style=\"color: #ffffff;\">A nova plataforma tamb\u00e9m apresenta solu\u00e7\u00f5es a problemas encontrados na plataforma anterior, tais como controle t\u00e9rmico das baterias e um radiotransmissor de maior pot\u00eancia. Al\u00e9m disso, apresenta novas funcionalidades, como medi\u00e7\u00e3o de temperatura externa e capacidade para integra\u00e7\u00e3o com uma Raspberry Pi Zero 2, fornecendo um grande aumento da capacidade de processamento para payloads de imageamento.<\/span><\/p>\t\t\t\t\t\t<\/div>\n\t\t\t\t<\/div>\n\t\t\t\t<div class=\"elementor-element elementor-element-b86712d elementor-widget elementor-widget-image\" data-id=\"b86712d\" data-element_type=\"widget\" data-widget_type=\"image.default\">\n\t\t\t\t<div class=\"elementor-widget-container\">\n\t\t\t\t\t\t\t\t\t\t\t\t\t\t\t<img decoding=\"async\" width=\"768\" height=\"704\" src=\"https:\/\/www.itacube.ita.br\/wp-content\/uploads\/2024\/10\/image-768x704.png\" class=\"attachment-medium_large size-medium_large wp-image-376\" alt=\"\" loading=\"lazy\" srcset=\"https:\/\/www.itacube.ita.br\/wp-content\/uploads\/2024\/10\/image-768x704.png 768w, https:\/\/www.itacube.ita.br\/wp-content\/uploads\/2024\/10\/image-300x275.png 300w, https:\/\/www.itacube.ita.br\/wp-content\/uploads\/2024\/10\/image.png 804w\" sizes=\"(max-width: 768px) 100vw, 768px\" \/>\t\t\t\t\t\t\t\t\t\t\t\t\t\t\t<\/div>\n\t\t\t\t<\/div>\n\t\t\t\t<div class=\"elementor-element elementor-element-44cdbca elementor-widget elementor-widget-text-editor\" data-id=\"44cdbca\" data-element_type=\"widget\" data-widget_type=\"text-editor.default\">\n\t\t\t\t<div class=\"elementor-widget-container\">\n\t\t\t\t\t\t\t<p><span style=\"color: #ffffff;\">Por fim, a arquitetura do sat\u00e9lite apresenta profundas melhorias, tais como o implementa\u00e7\u00e3o da modularidade, com separa\u00e7\u00e3o f\u00edsica completa dos subsistemas nas placas de circuito impresso e inicio de implementa\u00e7\u00e3o de arquitetura SMD (Surface Mounted Device), permitindo maior densidade de componentes em cada m\u00f3dulo. O sat\u00e9lite encontra-se atualmente na fase de montagem e revis\u00e3o da implementa\u00e7\u00e3o.<\/span><\/p>\t\t\t\t\t\t<\/div>\n\t\t\t\t<\/div>\n\t\t\t\t\t<\/div>\n\t\t<\/div>\n\t\t\t\t\t\t\t<\/div>\n\t\t<\/section>\n\t\t\t\t\t\t\t<\/div>\n\t\t","protected":false},"excerpt":{"rendered":"<p>Esta p\u00e1gina d\u00e1 uma vis\u00e3o das plataformas desenvolvidas pela iniciativa ITACube. CURIESAT \u00a0 \u00a0 Nanossat\u00e9lite em formato CubeSat 1U cujo objetivo \u00e9 efetuar medi\u00e7\u00f5es de radia\u00e7\u00e3o ionizante em alta altitude e recebe este nome em tributo \u00e0 Marie Curie, cientista francesa que foi pioneira no estudo da radia\u00e7\u00e3o. O curie tamb\u00e9m foi a plataforma que&nbsp;&hellip;<\/p>\n","protected":false},"author":3,"featured_media":342,"parent":0,"menu_order":0,"comment_status":"closed","ping_status":"closed","template":"","meta":[],"_links":{"self":[{"href":"https:\/\/www.itacube.ita.br\/index.php\/wp-json\/wp\/v2\/pages\/373"}],"collection":[{"href":"https:\/\/www.itacube.ita.br\/index.php\/wp-json\/wp\/v2\/pages"}],"about":[{"href":"https:\/\/www.itacube.ita.br\/index.php\/wp-json\/wp\/v2\/types\/page"}],"author":[{"embeddable":true,"href":"https:\/\/www.itacube.ita.br\/index.php\/wp-json\/wp\/v2\/users\/3"}],"replies":[{"embeddable":true,"href":"https:\/\/www.itacube.ita.br\/index.php\/wp-json\/wp\/v2\/comments?post=373"}],"version-history":[{"count":20,"href":"https:\/\/www.itacube.ita.br\/index.php\/wp-json\/wp\/v2\/pages\/373\/revisions"}],"predecessor-version":[{"id":396,"href":"https:\/\/www.itacube.ita.br\/index.php\/wp-json\/wp\/v2\/pages\/373\/revisions\/396"}],"wp:featuredmedia":[{"embeddable":true,"href":"https:\/\/www.itacube.ita.br\/index.php\/wp-json\/wp\/v2\/media\/342"}],"wp:attachment":[{"href":"https:\/\/www.itacube.ita.br\/index.php\/wp-json\/wp\/v2\/media?parent=373"}],"curies":[{"name":"wp","href":"https:\/\/api.w.org\/{rel}","templated":true}]}}